actor of 2453 and 671.
11
What is the greatest common divisor of 7065 and 4335555?
2355
Calculate the highest common factor of 92649 and 27768.
267
Calculate the greatest common divisor of 295133 and 29.
29
What is the highest common divisor of 581 and 3773?
7
Calculate the highest common factor of 8814 and 195.
39
Calculate the highest common divisor of 157 and 66097.
157
What is the highest common divisor of 3648 and 46176?
96
Calculate the greatest common factor of 32 and 1941088.
32
Calculate the greatest common factor of 243 and 5409.
9
Calculate the greatest common divisor of 3344 and 247.
19
What is the highest common factor of 66555 and 54?
27
Calculate the highest common divisor of 731357 and 374.
187
What is the greatest common divisor of 51100 and 6580?
140
Calculate the greatest common divisor of 275979 and 561.
33
Calculate the highest common factor of 18492 and 13386.
138
Calculate the highest common divisor of 3115840 and 14.
14
Calculate the highest common divisor of 8 and 709332.
4
Calculate the greatest common factor of 3861031 and 29.
29
What is the greatest common factor of 1470 and 84770?
490
Calculate the highest common divisor of 94 and 6996091.
47
Calculate the highest common divisor of 16721 and 368.
23
What is the greatest common factor of 95876 and 352?
44
What is the highest common divisor of 195 and 364000?
65
What is the greatest common divisor of 78150 and 14175?
75
Calculate the greatest common factor of 275 and 14075.
25
What is the greatest common divisor of 35 and 914165?
35
Calculate the highest common factor of 37162 and 36142.
34
Calculate the greatest common factor of 282 and 162291.
141
What is the highest common divisor of 5338 and 17898?
314
What is the highest common divisor of 14 and 1659161?
7
Calculate the highest common factor of 296 and 13875.
37
Calculate the greatest common factor of 174 and 796514.
58
What is the highest common divisor of 1012 and 68494?
46
What is the greatest common divisor of 286389 and 81?
27
What is the greatest common factor of 80 and 1936?
16
Calculate the greatest common factor of 150 and 2922.
6
What is the highest common divisor of 150037 and 59?
59
What is the highest common divisor of 319030 and 7322?
1046
Calculate the greatest common factor of 5704 and 403.
31
What is the highest common factor of 325 and 48065?
5
Calculate the highest common factor of 20013 and 63.
21
What is the highest common divisor of 94976 and 3339?
371
What is the highest common divisor of 35936 and 288?
32
What is the greatest common factor of 1094185 and 265?
265
What is the highest common divisor of 6 and 1497?
3
Calculate the highest common factor of 15134 and 29516.
94
What is the greatest common factor of 7 and 735161?
7
Calculate the highest common divisor of 1260 and 760725.
315
Calculate the highest common divisor of 42126 and 170.
34
Calculate the highest common divisor of 85562 and 1432.
358
Calculate the highest common divisor of 297 and 902.
11
Calculate the greatest common factor of 34794 and 126.
18
Calculate the greatest common factor of 33018 and 30.
6
Calculate the greatest common factor of 65 and 5233293.
13
Calculate the highest common factor of 77096 and 4600.
184
What is the greatest common divisor of 101617 and 331?
331
Calculate the greatest common divisor of 123 and 396183.
123
Calculate the highest common divisor of 159120 and 80.
80
What is the greatest common divisor of 24 and 187200?
24
Calculate the greatest common factor of 122 and 661362.
122
What is the highest common factor of 7014744 and 1683?
1683
What is the highest common divisor of 670 and 88105?
335
What is the highest common divisor of 2147416 and 328?
328
Calculate the greatest common divisor of 406 and 212338.
406
What is the highest common factor of 59503 and 314?
157
What is the greatest common divisor of 4458 and 12394726?
1486
Calculate the greatest common divisor of 28207 and 12630.
421
What is the highest common divisor of 20 and 31170?
10
What is the greatest common factor of 150 and 60050?
50
Calculate the highest common factor of 265370 and 420.
70
Calculate the greatest common factor of 24 and 4995444.
12
Calculate the greatest common factor of 3485 and 29665.
85
Calculate the greatest common divisor of 389714 and 676.
338
What is the greatest common factor of 1303900 and 6188?
884
What is the greatest common factor of 34 and 24922?
34
What is the greatest common factor of 203 and 116?
29
What is the highest common divisor of 483 and 26289?
69
Calculate the greatest common factor of 1595 and 18125.
145
Calculate the highest common divisor of 1686012 and 218.
218
Calculate the highest common divisor of 30513 and 105.
21
What is the highest common divisor of 9 and 13902219?
9
Calculate the highest common factor of 696 and 4992.
24
What is the highest common divisor of 902 and 2500344?
902
Calculate the highest common divisor of 666 and 3892437.
333
What is the greatest common factor of 65201 and 226?
113
What is the highest common divisor of 238362 and 30?
6
What is the highest common divisor of 1037415 and 155?
155
What is the highest common divisor of 1198 and 128?
2
Calculate the highest common factor of 6144 and 1032.
24
What is the greatest common divisor of 114754 and 23458?
634
Calculate the greatest common divisor of 105 and 58002.
21
Calculate the highest common divisor of 8 and 3307784.
8
Calculate the greatest common factor of 3915857 and 11.
11
What is the greatest common divisor of 50 and 255350?
50
Calculate the highest common divisor of 2425902 and 276.
138
What is the greatest common divisor of 100128 and 264?
24
Calculate the highest common divisor of 408 and 29478.
102
What is the greatest common factor of 25 and 3275?
25
Calculate the greatest common factor of 2272 and 12.
4
Calculate the greatest common divisor of 40608 and 972.
108
What is the highest common divisor of 7076 and 1711?
29
What is the highest common divisor of 2134 and 3492?
194
Calculate the highest common divisor of 378 and 2063124.
378
What is the highest common factor of 24730 and 30?
10
What is the highest common factor of 51 and 3770889?
51
Calculate the highest common factor of 36414 and 1638.
126
What is the greatest common divisor of 162246 and 112?
14
What is the highest common divisor of 23883 and 285?
57
What is the highest common factor of 8911 and 4123?
133
Calculate the greatest common factor of 299 and 11310.
13
What is the greatest common factor of 825 and 34100?
275
Calculate the highest common factor of 1360 and 34714.
34
What is the greatest common divisor of 243125 and 778?
389
What is the greatest common factor of 2 and 22951?
1
What is the highest common divisor of 93 and 11751?
3
Calculate the greatest common divisor of 1476 and 1021761.
369
What is the highest common divisor of 590 and 130?
10
What is the highest common factor of 129 and 376207?
43
What is the highest common factor of 3266 and 874?
46
What is the greatest common divisor of 34416 and 54?
18
What is the highest common divisor of 2335897 and 9005?
1801
Calculate the highest common divisor of 28 and 2422406.
14
Calculate the highest common divisor of 2892 and 476457.
723
Calculate the greatest common divisor of 4326124 and 44.
44
Calculate the greatest common divisor of 35452 and 8.
4
Calculate the highest common divisor of 1503946 and 365.
73
Calculate the highest common factor of 67062 and 150.
6
Calculate the greatest common factor of 36 and 248094.
18
Calculate the highest common divisor of 19 and 2671.
1
What is the greatest common divisor of 197863 and 1648?
103
What is the highest common factor of 24294804 and 12?
12
What is the highest common factor of 36102 and 7722?
66
What is the highest common factor of 8 and 2083208?
8
What is the greatest common factor of 370761 and 249?
249
Calculate the greatest common divisor of 42917 and 7.
7
What is the highest common factor of 7075 and 640?
5
What is the greatest common factor of 33 and 1502204?
11
Calculate the highest common divisor of 30 and 14055.
15
What is the greatest common factor of 123500 and 2755?
95
Calculate the greatest common factor of 299 and 104052.
299
Calculate the highest common divisor of 14 and 40481.
7
Calculate the greatest common diviso